{"id":349,"date":"2018-03-28T22:26:26","date_gmt":"2018-03-28T20:26:26","guid":{"rendered":"http:\/\/88.126.63.142\/wordpress\/?page_id=349"},"modified":"2020-12-09T18:04:32","modified_gmt":"2020-12-09T17:04:32","slug":"leplateau","status":"publish","type":"page","link":"https:\/\/auto-moto-ecole-plein-gaz.com\/index.php\/le-bureau\/leplateau\/","title":{"rendered":"Le plateau"},"content":{"rendered":"<p>L&rsquo;\u00e9quipe de Plein Gaz vous accueille au march\u00e9 aux bestiaux de Saint Laurent Blangy, rue R\u00e9aumur, pour dispenser ses le\u00e7ons de conduite sur aire priv\u00e9e. Elle se situe \u00e0 environ 10 minutes de la moto \u00e9cole.<br \/>\n<img decoding=\"async\" loading=\"lazy\" class=\" wp-image-356 aligncenter\" src=\"http:\/\/auto-moto-ecole-plein-gaz.com\/wp-content\/uploads\/2018\/03\/plein-gaz-piste-300x94.jpg\" alt=\"\" width=\"1117\" height=\"350\" srcset=\"https:\/\/auto-moto-ecole-plein-gaz.com\/wp-content\/uploads\/2018\/03\/plein-gaz-piste-300x94.jpg 300w, https:\/\/auto-moto-ecole-plein-gaz.com\/wp-content\/uploads\/2018\/03\/plein-gaz-piste-768x241.jpg 768w, https:\/\/auto-moto-ecole-plein-gaz.com\/wp-content\/uploads\/2018\/03\/plein-gaz-piste-1024x321.jpg 1024w, https:\/\/auto-moto-ecole-plein-gaz.com\/wp-content\/uploads\/2018\/03\/plein-gaz-piste.jpg 1903w\" sizes=\"(max-width: 1117px) 100vw, 1117px\" \/><\/p>\n","protected":false},"excerpt":{"rendered":"<p>L&rsquo;\u00e9quipe de Plein Gaz vous accueille au march\u00e9 aux bestiaux de Saint Laurent Blangy, rue R\u00e9aumur, pour dispenser ses le\u00e7ons de conduite sur aire priv\u00e9e. Elle se situe \u00e0 environ [&hellip;]<\/p>\n","protected":false},"author":4,"featured_media":0,"parent":288,"menu_order":0,"comment_status":"closed","ping_status":"closed","template":"","meta":[],"acf":[],"yoast_head":"<!-- This site is optimized with the Yoast SEO plugin v20.4 - https:\/\/yoast.com\/wordpress\/plugins\/seo\/ -->\n<title>Le plateau - Auto-Moto Ecole Plein Gaz<\/title>\n<meta name=\"description\" content=\"Plein gaz c&#039;est ambiance conviviale, un moniteur passionn\u00e9, en auto, moto, scooter, ressortez avec un permis ET avec de bons souvenirs!\" \/>\n<meta name=\"robots\" content=\"index, follow, max-snippet:-1, max-image-preview:large, max-video-preview:-1\" \/>\n<link rel=\"canonical\" href=\"https:\/\/auto-moto-ecole-plein-gaz.com\/index.php\/le-bureau\/leplateau\/\" \/>\n<meta property=\"og:locale\" content=\"fr_FR\" \/>\n<meta property=\"og:type\" content=\"article\" \/>\n<meta property=\"og:title\" content=\"Le plateau - Auto-Moto Ecole Plein Gaz\" \/>\n<meta property=\"og:description\" content=\"Plein gaz c&#039;est ambiance conviviale, un moniteur passionn\u00e9, en auto, moto, scooter, ressortez avec un permis ET avec de bons souvenirs!\" \/>\n<meta property=\"og:url\" content=\"https:\/\/auto-moto-ecole-plein-gaz.com\/index.php\/le-bureau\/leplateau\/\" \/>\n<meta property=\"og:site_name\" content=\"Auto-Moto Ecole Plein Gaz\" \/>\n<meta property=\"article:modified_time\" content=\"2020-12-09T17:04:32+00:00\" \/>\n<meta property=\"og:image\" content=\"http:\/\/auto-moto-ecole-plein-gaz.com\/wp-content\/uploads\/2018\/03\/plein-gaz-piste-300x94.jpg\" \/>\n<meta name=\"twitter:card\" content=\"summary_large_image\" \/>\n<script type=\"application\/ld+json\" class=\"yoast-schema-graph\">{\"@context\":\"https:\/\/schema.org\",\"@graph\":[{\"@type\":\"WebPage\",\"@id\":\"https:\/\/auto-moto-ecole-plein-gaz.com\/index.php\/le-bureau\/leplateau\/\",\"url\":\"https:\/\/auto-moto-ecole-plein-gaz.com\/index.php\/le-bureau\/leplateau\/\",\"name\":\"Le plateau - Auto-Moto Ecole Plein Gaz\",\"isPartOf\":{\"@id\":\"https:\/\/auto-moto-ecole-plein-gaz.com\/#website\"},\"datePublished\":\"2018-03-28T20:26:26+00:00\",\"dateModified\":\"2020-12-09T17:04:32+00:00\",\"description\":\"Plein gaz c'est ambiance conviviale, un moniteur passionn\u00e9, en auto, moto, scooter, ressortez avec un permis ET avec de bons souvenirs!\",\"breadcrumb\":{\"@id\":\"https:\/\/auto-moto-ecole-plein-gaz.com\/index.php\/le-bureau\/leplateau\/#breadcrumb\"},\"inLanguage\":\"fr-FR\",\"potentialAction\":[{\"@type\":\"ReadAction\",\"target\":[\"https:\/\/auto-moto-ecole-plein-gaz.com\/index.php\/le-bureau\/leplateau\/\"]}]},{\"@type\":\"BreadcrumbList\",\"@id\":\"https:\/\/auto-moto-ecole-plein-gaz.com\/index.php\/le-bureau\/leplateau\/#breadcrumb\",\"itemListElement\":[{\"@type\":\"ListItem\",\"position\":1,\"name\":\"Home\",\"item\":\"https:\/\/auto-moto-ecole-plein-gaz.com\/\"},{\"@type\":\"ListItem\",\"position\":2,\"name\":\"L&#8217;agence\",\"item\":\"https:\/\/auto-moto-ecole-plein-gaz.com\/index.php\/le-bureau\/\"},{\"@type\":\"ListItem\",\"position\":3,\"name\":\"Le plateau\"}]},{\"@type\":\"WebSite\",\"@id\":\"https:\/\/auto-moto-ecole-plein-gaz.com\/#website\",\"url\":\"https:\/\/auto-moto-ecole-plein-gaz.com\/\",\"name\":\"Auto-Moto Ecole Plein Gaz\",\"description\":\"Auto-Moto Ecole Plein Gaz\",\"publisher\":{\"@id\":\"https:\/\/auto-moto-ecole-plein-gaz.com\/#organization\"},\"potentialAction\":[{\"@type\":\"SearchAction\",\"target\":{\"@type\":\"EntryPoint\",\"urlTemplate\":\"https:\/\/auto-moto-ecole-plein-gaz.com\/?s={search_term_string}\"},\"query-input\":\"required name=search_term_string\"}],\"inLanguage\":\"fr-FR\"},{\"@type\":\"Organization\",\"@id\":\"https:\/\/auto-moto-ecole-plein-gaz.com\/#organization\",\"name\":\"auto ecole plein gaz\",\"url\":\"https:\/\/auto-moto-ecole-plein-gaz.com\/\",\"logo\":{\"@type\":\"ImageObject\",\"inLanguage\":\"fr-FR\",\"@id\":\"https:\/\/auto-moto-ecole-plein-gaz.com\/#\/schema\/logo\/image\/\",\"url\":\"https:\/\/auto-moto-ecole-plein-gaz.com\/wp-content\/uploads\/2017\/11\/pgfinal.png\",\"contentUrl\":\"https:\/\/auto-moto-ecole-plein-gaz.com\/wp-content\/uploads\/2017\/11\/pgfinal.png\",\"width\":280,\"height\":153,\"caption\":\"auto ecole plein gaz\"},\"image\":{\"@id\":\"https:\/\/auto-moto-ecole-plein-gaz.com\/#\/schema\/logo\/image\/\"}}]}<\/script>\n<!-- \/ Yoast SEO plugin. -->","yoast_head_json":{"title":"Le plateau - Auto-Moto Ecole Plein Gaz","description":"Plein gaz c'est ambiance conviviale, un moniteur passionn\u00e9, en auto, moto, scooter, ressortez avec un permis ET avec de bons souvenirs!","robots":{"index":"index","follow":"follow","max-snippet":"max-snippet:-1","max-image-preview":"max-image-preview:large","max-video-preview":"max-video-preview:-1"},"canonical":"https:\/\/auto-moto-ecole-plein-gaz.com\/index.php\/le-bureau\/leplateau\/","og_locale":"fr_FR","og_type":"article","og_title":"Le plateau - Auto-Moto Ecole Plein Gaz","og_description":"Plein gaz c'est ambiance conviviale, un moniteur passionn\u00e9, en auto, moto, scooter, ressortez avec un permis ET avec de bons souvenirs!","og_url":"https:\/\/auto-moto-ecole-plein-gaz.com\/index.php\/le-bureau\/leplateau\/","og_site_name":"Auto-Moto Ecole Plein Gaz","article_modified_time":"2020-12-09T17:04:32+00:00","og_image":[{"url":"http:\/\/auto-moto-ecole-plein-gaz.com\/wp-content\/uploads\/2018\/03\/plein-gaz-piste-300x94.jpg"}],"twitter_card":"summary_large_image","schema":{"@context":"https:\/\/schema.org","@graph":[{"@type":"WebPage","@id":"https:\/\/auto-moto-ecole-plein-gaz.com\/index.php\/le-bureau\/leplateau\/","url":"https:\/\/auto-moto-ecole-plein-gaz.com\/index.php\/le-bureau\/leplateau\/","name":"Le plateau - Auto-Moto Ecole Plein Gaz","isPartOf":{"@id":"https:\/\/auto-moto-ecole-plein-gaz.com\/#website"},"datePublished":"2018-03-28T20:26:26+00:00","dateModified":"2020-12-09T17:04:32+00:00","description":"Plein gaz c'est ambiance conviviale, un moniteur passionn\u00e9, en auto, moto, scooter, ressortez avec un permis ET avec de bons souvenirs!","breadcrumb":{"@id":"https:\/\/auto-moto-ecole-plein-gaz.com\/index.php\/le-bureau\/leplateau\/#breadcrumb"},"inLanguage":"fr-FR","potentialAction":[{"@type":"ReadAction","target":["https:\/\/auto-moto-ecole-plein-gaz.com\/index.php\/le-bureau\/leplateau\/"]}]},{"@type":"BreadcrumbList","@id":"https:\/\/auto-moto-ecole-plein-gaz.com\/index.php\/le-bureau\/leplateau\/#breadcrumb","itemListElement":[{"@type":"ListItem","position":1,"name":"Home","item":"https:\/\/auto-moto-ecole-plein-gaz.com\/"},{"@type":"ListItem","position":2,"name":"L&#8217;agence","item":"https:\/\/auto-moto-ecole-plein-gaz.com\/index.php\/le-bureau\/"},{"@type":"ListItem","position":3,"name":"Le plateau"}]},{"@type":"WebSite","@id":"https:\/\/auto-moto-ecole-plein-gaz.com\/#website","url":"https:\/\/auto-moto-ecole-plein-gaz.com\/","name":"Auto-Moto Ecole Plein Gaz","description":"Auto-Moto Ecole Plein Gaz","publisher":{"@id":"https:\/\/auto-moto-ecole-plein-gaz.com\/#organization"},"potentialAction":[{"@type":"SearchAction","target":{"@type":"EntryPoint","urlTemplate":"https:\/\/auto-moto-ecole-plein-gaz.com\/?s={search_term_string}"},"query-input":"required name=search_term_string"}],"inLanguage":"fr-FR"},{"@type":"Organization","@id":"https:\/\/auto-moto-ecole-plein-gaz.com\/#organization","name":"auto ecole plein gaz","url":"https:\/\/auto-moto-ecole-plein-gaz.com\/","logo":{"@type":"ImageObject","inLanguage":"fr-FR","@id":"https:\/\/auto-moto-ecole-plein-gaz.com\/#\/schema\/logo\/image\/","url":"https:\/\/auto-moto-ecole-plein-gaz.com\/wp-content\/uploads\/2017\/11\/pgfinal.png","contentUrl":"https:\/\/auto-moto-ecole-plein-gaz.com\/wp-content\/uploads\/2017\/11\/pgfinal.png","width":280,"height":153,"caption":"auto ecole plein gaz"},"image":{"@id":"https:\/\/auto-moto-ecole-plein-gaz.com\/#\/schema\/logo\/image\/"}}]}},"_links":{"self":[{"href":"https:\/\/auto-moto-ecole-plein-gaz.com\/index.php\/wp-json\/wp\/v2\/pages\/349"}],"collection":[{"href":"https:\/\/auto-moto-ecole-plein-gaz.com\/index.php\/wp-json\/wp\/v2\/pages"}],"about":[{"href":"https:\/\/auto-moto-ecole-plein-gaz.com\/index.php\/wp-json\/wp\/v2\/types\/page"}],"author":[{"embeddable":true,"href":"https:\/\/auto-moto-ecole-plein-gaz.com\/index.php\/wp-json\/wp\/v2\/users\/4"}],"replies":[{"embeddable":true,"href":"https:\/\/auto-moto-ecole-plein-gaz.com\/index.php\/wp-json\/wp\/v2\/comments?post=349"}],"version-history":[{"count":4,"href":"https:\/\/auto-moto-ecole-plein-gaz.com\/index.php\/wp-json\/wp\/v2\/pages\/349\/revisions"}],"predecessor-version":[{"id":621,"href":"https:\/\/auto-moto-ecole-plein-gaz.com\/index.php\/wp-json\/wp\/v2\/pages\/349\/revisions\/621"}],"up":[{"embeddable":true,"href":"https:\/\/auto-moto-ecole-plein-gaz.com\/index.php\/wp-json\/wp\/v2\/pages\/288"}],"wp:attachment":[{"href":"https:\/\/auto-moto-ecole-plein-gaz.com\/index.php\/wp-json\/wp\/v2\/media?parent=349"}],"curies":[{"name":"wp","href":"https:\/\/api.w.org\/{rel}","templated":true}]}}